-1 + 236/(-1 + 3) is divided by (-170)/(-7) - (2 + d/35)?
21
Suppose 27*j = 63*j - 360. Let l = 49 - -33. Suppose -4*b + 278 = l. What is the remainder when b is divided by j?
9
Let y(r) = 1. Let g(f) = f**2 + 8*f - 13. Suppose 0 = -s + 1 + 2. Let w(k) = s*y(k) + g(k). What is the remainder when 38 is divided by w(-10)?
8
Suppose -3*w = w + 336. Let m = 87 + w. Suppose 10*r = -m*r + 663. What is the remainder when r is divided by 19?
13
Let x(r) = 175*r**2 - 5*r - 5. Let w = -72 + 191. Let b = w + -120. What is the remainder when x(b) is divided by 60?
55
Let v be (-2)/12 - (-1706)/12. Let f = v - 83. Suppose 2*w = -s + 26, 2*w - 7*w + f = s. Calculate the remainder when 42 is divided by w.
9
Suppose 0 = -5*f + 23 + 7. Let r be (2/18*f)/((-4)/(-174)). Calculate the remainder when 95 is divided by (r - (-3 + 0)) + 0.
31
What is the remainder when 8358 is divided by 3*((-760)/(-30) - 14)?
28
Let t(q) = q**3 + 2*q - 1. Let o(b) = 5*b**3 + 15*b**2 - 4*b + 19. Let n(d) = o(d) - 6*t(d). What is the remainder when n(13) is divided by 39?
38
Suppose d + 4*r = -846, 3*d = -2*r + 6*r - 2554. Let h = 18 + -11. What is the remainder when d/150*(-2 + -1) is divided by h?
3
Let f = -125 - -175. Let q(t) = -t**3 + 22*t**2 - 28*t + 137. Let u be q(21). Calculate the remainder when f is divided by (28/6)/(u/(-30)).
8
Let g = -159 + 166. What is the remainder when 1/(1015/(-340) + 3) is divided by g?
5
Suppose -3*l = -0*l - 3*f, 2*f = -2. Let j(i) = -5*i + 1. Let m be j(-2). Let s = l + m. Calculate the remainder when 36 is divided by s.
6
Suppose 4*j = 4*s - 3*s + 104, -4*s - 446 = -j. Suppose 0 = -4*n + 12*n + 1016. Let p = s - n. Calculate the remainder when 50 is divided by p.
5
Let b = -756 + 452. Let j = -172 - b. Calculate the remainder when j is divided by 17.
13
Suppose -2336*x + 2344*x = 47216. Calculate the remainder when x is divided by 144.
142
Suppose u = 3*g - 423, -1269 = -98*u + 101*u + 2*g. Let j = -361 - u. What is the remainder when 1299 is divided by j?
59
Suppose s - 560 = -6*s. Suppose 56*r - s = 52*r. Calculate the remainder when 59 is divided by r.
19
Suppose -3*j = 12, 4*p = 7*j - 2*j + 20. Let g(n) be the first derivative of n**2 + 19*n + 10. Calculate the remainder when g(p) is divided by 5.
4
What is the remainder when 2230 + (0 - -12) - 10 is divided by 11?
10
Suppose 0 = 22*x - 973 + 5747. Let u = x - -236. What is the remainder when 338 is divided by u?
15
Let h be 1/(1/(-5)) - (-3 - 0). Calculate the remainder when 286 is divided by (-190)/(-4) + (-1)/h.
46
What is the remainder when 914 + (-8 + 4 + 3 - (5 + -1)) is divided by 83?
79
Let y(t) = t**2 - 29*t - 465. What is the remainder when 509 is divided by y(41)?
23
Let q be -1 - (1 - -21)*-1. Let x = q + -12. What is the remainder when x is divided by (-9 - 1)/(2/5*-5)?
4
Let x = -41 + 62. Let y = 14 + x. Calculate the remainder when y is divided by 19.
16
Suppose -40 = -8*a - 0. Suppose a*n - 268 = l, -5*l + 24 + 148 = 3*n. What is the remainder when n is divided by 7?
5
Suppose -54 = -0*g - g. Suppose -3*d + g = 3*a, -a = -2*a + 2*d + 15. Calculate the remainder when (-6)/(-126)*18*105 - (4 + 2) is divided by a.
16
Suppose 2*u + t + 2*t = 6568, 2*u - 2*t - 6578 = 0. Suppose u = 32*p - 3209. Calculate the remainder when p is divided by 9.
5
Suppose -2*i + 343 = -5*w, -5 = 308*w - 303*w. What is the remainder when 2027 is divided by i?
168
Suppose 1804 = -20*x - 1696. Let b = 203 + x. Calculate the remainder when 248 is divided by b.
24
Let y(u) = 2*u + 3. Suppose 0 = -109*z + 106*z - 600. Calculate the remainder when (-248)/(-3)*(-150)/z is divided by y(4).
7
Suppose -f - f = 3*u - 131, -2*u - 177 = -3*f. Suppose f = v + 6. Let x = v - 27. Calculate the remainder when x is divided by 15.
13
Suppose 5*k - 2*s = 3*s + 45, 0 = 4*s + 16. Suppose 0 = -n - i + 10, k*n + 2*i = 5*i + 42. Calculate the remainder when 113 is divided by n.
5
Suppose 0 = -5*i + 4*c + c + 105, -3*i - 4*c = -91. What is the remainder when 72 is divided by (100/i)/(-2 + 1) + 33?
14
Let j(v) = v - 3. Let f be j(7). Suppose 0 = -f*h + 2 + 34. What is the remainder when 123 is divided by h?
6
Let z = 11513 + -11175. What is the remainder when z is divided by 108?
14
Suppose 4*g - 3*d - 67 - 17 = 0, 5*d = 20. What is the remainder when 2637 is divided by g?
21
Let y(b) = 44*b**2 + 4*b + 2. Let j be y(-3). Suppose -3*m - 60 = 5*r - 364, j = 4*m - 3*r. Calculate the remainder when m is divided by 52.
46
Let m be 413/3 + (-84)/(-63). Suppose 5*a = -g - 3*g + m, 0 = -2*g + 4*a + 76. Let x = -3 + g. What is the remainder when x is divided by 10?
3
Suppose 4*b - 60 = -8. Suppose 26*a + 48*a - 84 - 138 = 0. Calculate the remainder when b is divided by a.
1
Suppose 0 = -33*m - 1304 + 6287. What is the remainder when m is divided by (-2)/6 - (-476)/6?
72
What is the remainder when (-499)/3*(-24)/120*15 is divided by 39?
31
Let v = -51 - 57. What is the remainder when (2/4)/((-2)/v) is divided by 12?
3
Suppose 7764*l - 7758*l = 516. Calculate the remainder when 999 is divided by l.
53
Let l be (-42)/(-24) + (-15)/(-12). Suppose 12 = 3*c, 4*c - 1794 = -l*a + 823. Calculate the remainder when a is divided by 67.
63
Suppose 124 - 595 = -3*m - 6*x, 0 = m + x - 150. Calculate the remainder when m is divided by 2.
1
What is the remainder when 6/(-4) - ((-1190)/4 - 42/(-42)) is divided by 36?
7
Let k = -3591 + 4166. Calculate the remainder when k is divided by 261.
53
Let j = 40 - -24. Suppose 4*p = j + 72. Let m = -24 + p. Calculate the remainder when 26 is divided by m.
6
Suppose -f - 3*f = -60. Let w be (4/(-10))/((-7)/(-105)). Let z = -2 - w. What is the remainder when f is divided by z?
3
Suppose 0 = -2*q - 5*p + 601, -8*p = q - 3*p - 303. Let w = q - 202. Calculate the remainder when 191 is divided by w.
95
Suppose 207*j + 4*f = 203*j + 80, -2*j + 3*f = -10. What is the remainder when 956 is divided by j?
4
Suppose 70*g - 739 = 1641. What is the remainder when 78 is divided by g?
10
Let f(p) = -2*p**3 + 4*p**2 + p. Let u(i) = -3*i**3 + 24*i**2 + 41*i - 317. What is the remainder when f(-3) is divided by u(8)?
10
Let c = -253 - -251. Calculate the remainder when (185 - 7)*(-1)/c is divided by 30.
29
Let y be -7 - 6/12*56. Calculate the remainder when 14/y - 487/(-5) is divided by 25.
22
Let o = -1069 - -541. Let g = o - -634. Calculate the remainder when g is divided by 23.
14
Suppose l + 141 = -24. Let r = l - -314. What is the remainder when r is divided by 31?
25
Suppose -s = -3*v + 5, -2*v - 3*s = -6*v + 5. What is the remainder when 100 is divided by (23 - v) + 0 + 5?
22
Let i(o) = 2*o**2 + 4*o + 1183. Calculate the remainder when i(0) is divided by 12.
7
Let u be (83 - (-60)/(-10)) + -7. What is the remainder when 293 is divided by 18*(u/15 + -3)?
23
Suppose 50*p + 267 = 1767. Calculate the remainder when 607 is divided by p.
7
Suppose -756 = -3*g + f - 243, 4*g = -5*f + 703. Let p = -102693 - -102700. What is the remainder when g is divided by p?
4
Let w = 4121 + -4097. What is the remainder when 188 is divided by w?
20
Let i(p) = 2*p**3 - 105*p**2 - 49*p - 198. What is the remainder when 83 is divided by i(53)?
13
Let u(l) = 93*l + 233. Let x be u(-5). Let a = 236 + x. What is the remainder when 30 is divided by a?
2
What is the remainder when 155 is divided by (-2 - -3 - (-22)/(-6))*72/(-16)?
11
Let v(p) = -p**3 - 63*p**2 + 61*p - 152. Calculate the remainder when 4951 is divided by v(-64).
31
Suppose -5*f + 23 = 8. Let h = 48 + -52. What is the remainder when f is divided by h/22 - (525/55)/(-3)?
0
Let x(c) = 20*c - 6. Let i be x(10). Suppose -i*t + 197*t - 693 = 0. Calculate the remainder when t is divided by 29.
28
Let c(u) = u - 1. Let p be c(3). Suppose p*z - 8 = 6*z, -2*b = 5*z - 64. Let q = 3 - -18. What is the remainder when b is divided by q?
16
Let q = 73 + -56. Suppose -20*c + q*c = -1020. Suppose 0 = -n + 6*n + 5*h - c, 4*n + 3*h - 274 = 0. What is the remainder when n is divided by 9?
7
Calculate the remainder when 105 is divided by (12 - (-1056)/(-110))*(-3)/2*-5.
15
Let a(v) = 2*v**2 - 29. Let h be a(-5). What is the remainder when 69 is divided by (7 - 5)*-2 + h + -2?
9
Let l(t) = -t**3 + 4*t**2 + 7*t - 8. Let b be l(5). Calculate the remainder when 3/(-4) + ((-5369)/(-28) - b) is divided by 3